)/1 - (-3 + 1). Determine q(c).
32
Let f(k) be the third derivative of -k**5/60 - 5*k**4/12 - 13*k**3/6 + 144*k**2 + 3*k. Suppose p = 4*c - 29, -4*p + 5*c = -2*p + 43. Give f(p).
-4
Let n(v) be the third derivative of -v**4/8 - 5*v**3/6 - 18*v**2. Let m(o) = -6*o**2 - 6*o + 5. Let y be m(-2). Determine n(y).
16
Let o(x) = 7*x**3 + 11*x**2 + 12*x + 8. Let q(y) = -12*y**3 - 20*y**2 - 21*y - 15. Let d(v) = 7*o(v) + 4*q(v). Calculate d(3).
-4
Let u(q) = 5*q - 4 + 12 - 10 - 3. Let f(z) = 7*z - 4. Let t(j) = -2*f(j) + 3*u(j). Calculate t(7).
0
Let m(g) = -6 + g**2 - 5 + 4*g + 4. Let k(d) = -d**3 - 8*d**2 + 2*d + 16. Let c be k(-8). Suppose -h - 2*h = c, 5*u + 30 = 2*h. Determine m(u).
5
Let y be 37/(-148)*4/1 - 6. Let i(r) = -r**3 - 5*r**3 - 6*r**2 - 7 + 5*r**3 + 7*r. Give i(y).
-7
Let v(s) = s**3 + 6*s**2 + 4*s. Let m(z) = -35*z - 250. Let p be m(-9). Suppose -87*h = -100*h - p. Give v(h).
5
Let s(c) = 33*c + 2. Suppose -2*p - 2*p + 6 = -h, 21 = -3*p + 5*h. Give s(p).
101
Let u(d) = 27 + 2*d**2 + 17*d - 15*d - 20 - 7*d**2. Calculate u(-5).
-128
Let x(j) = 291*j + 179. Let p(t) = 76*t + 2. Let z(n) = 12*p(n) - 3*x(n). What is z(13)?
-6
Let g(j) = 37*j + 294 - 302 + j**2 - 31*j. What is g(4)?
32
Let d(q) = q**3 + 9*q**2 + 16*q + 16. Let s be d(-7). Let g(u) = -6*u + u**s + 5*u - 12*u + 9. Give g(8).
-31
Suppose -50 = -5*w - 5*f, -6 + 15 = -3*f. Let x(y) = 17 + y - 32 + w. Let q = -180 - -178. Calculate x(q).
-4
Let s(o) = 4 - 4*o**2 - 2*o + 4*o**2 - o**2. Suppose -18 = -5*w + 2*u, 135*w = 132*w + u + 10. Determine s(w).
-4
Let g be 8*(6618/4 - (-9 - -10)). Let x(t) = -g*t + 13227*t - 5*t**3 - 4*t**2 + 4*t**2. Suppose -2*s - 2*s + 4 = 0. Calculate x(s).
-6
Let f(c) = 95*c - 170. Let a be (-4151)/(-49) - (37/(-7) - -5). Let x(l) = -7*l + 12. Let b(y) = a*x(y) + 6*f(y). Give b(2).
-50
Let i(w) = 86*w**2 - 8*w - 22. Let u(v) = -63*v**2 + 6*v + 16. Let l(x) = -8*i(x) - 11*u(x). What is l(4)?
72
Let x(n) = 65*n - 124. Let y be x(2). Let i(m) = 2*m**2 - 7*m + 23. Calculate i(y).
53
Let q(i) = -6*i**3 - 17*i**2 + 10*i + 21. Let a be q(-3). Let z(l) be the first derivative of 5*l**2/2 - 3*l + 115. What is z(a)?
-3
Let t = -4307 - -4313. Let l(p) = -4*p**2 + 3*p. Let f(u) = -u**2 - 6*u - 3. Let g be f(-4). Let o(v) = 3*v**2 - 2*v. Let a(d) = g*l(d) + t*o(d). What is a(3)?
-9
Suppose 1 = -2*z - 1. Let p(f) be the third derivative of f**8/4032 - 41*f**5/20 - f**4/24 + 108*f**2. Let h(u) be the third derivative of p(u). Calculate h(z).
5
Let o(z) = z + 5. Let i be (-6)/(-6 - -12) + 9. Let t be (-98)/i + 28/112. What is o(t)?
-7
Let g(o) = -o**2 + 9*o - 5. Suppose 22*q - 3420 = 2*q. Suppose 0 = -168*u + q*u - 18. What is g(u)?
13
Let d(r) = 73615*r + 2 - 2*r**2 - 73627*r + 8 + 4*r**2. Calculate d(9).
64
Let x(r) be the first derivative of -r**2/2 + 11*r + 25. Let p be 5 + -6 + 8 - 5. Suppose y = -3, -p*y = 4*n - 3*y - 39. What is x(n)?
2
Suppose 0 = 2*w + 2*w + 4*n - 76, -3*w + n + 45 = 0. Suppose -4*j - w = 4*j. Let o be (j/6)/(1/21). Let s(a) = -a**2 - 9*a - 10. What is s(o)?
4
Suppose -2*z = -0*z - 170. Suppose z - 97 = 3*x. Let f(b) = b**3 + 5*b**2 + 3*b - 5. What is f(x)?
-1
Let p(z) = -z**3 - 10*z**2 + 14*z + 13. Let x be (-979)/88 - (3 + 100/(-32)). What is p(x)?
-20
Suppose -37*v + 418 = -26*v. Suppose 0 = 5*b - r - v + 1, 0 = 3*b + 4*r - 13. Let z(x) = -x**3 + 7*x**2 + 3. Give z(b).
3
Let t(l) = -l**3 - 7*l**2 + 4*l + 30. Let q be 11 - 10 - (-3)/(-1) - 5. Let i be t(q). Let x(b) = -25*b**i + 24*b**2 + 6 - 8*b + 2*b. What is x(-5)?
11
Let l = 9 + -15. Let c(d) be the third derivative of 0*d - 2/3*d**3 - 19 - 1/12*d**4 + 6*d**2. Give c(l).
8
Let w(y) = 21*y - 1677. Let g be w(80). Let v(u) = 8*u - 17. What is v(g)?
7
Let y(m) = -5*m - 92. Let t be y(-19). Let d(x) = -2 - 2*x**2 + 44*x + t - 48*x - 2*x**2 - 4. Give d(-1).
-3
Let h(y) = 6*y - 78. Let m(d) = -d**3 - 3*d**2 + 36*d + 68. Let p be m(-7). Determine h(p).
-6
Let p(w) = -w**3 + 13*w**2 + 4. Let t = -2700 + 2713. What is p(t)?
4
Let w be (0 - 3)*36/(-2). Suppose 290 = -7*m - 60. Let p = w + m. Let x(g) = g**2 - 5*g + 3. Determine x(p).
-1
Suppose 4*v = -982 + 3298. Let w(i) = 7 + 284*i + 7*i**2 + 288*i - i**3 - v*i. Let x be 6/9 + (-32)/(-6). Give w(x).
1
Let d be 35 + -1 - (-6 - -3). Suppose y + d = 39. Suppose -4*m + y*j - 22 = 0, 4*m = 2*j - 3*j - 25. Let a(q) = q**2 + 7*q + 2. What is a(m)?
-4
Let p = 103 + -98. Let j(s) be the first derivative of p*s + 3 - 3*s**2 + 1/3*s**3. Determine j(6).
5
Let b(g) = -2*g + 26. Let m be (1 + -2)/((-1)/(-11))*(41 + -42). Calculate b(m).
4
Let l(j) = -j**3 - 4*j**2 - 6*j + 1. Suppose -4*w = 16, -2*x - x - 3*w - 21 = 0. Let h be l(x). Let t(n) = -n**2 + 9*n + 5. Give t(h).
-5
Suppose -3*z + 199 = -5*c, -65 - 34 = 3*c + 5*z. Let x = 38 + c. Let k(n) = -3*n + 7 + 2 + x*n + n. Calculate k(6).
-3
Let a(j) = -190*j**2 - 5*j + 9*j + 211*j**2 - j**3 + 22 - 6*j - 2*j. Determine a(21).
-62
Suppose 91 = 10*u + 101. Let t(l) be the second derivative of 1/2*l**2 + 0 + 1/3*l**3 + 3*l - 1/4*l**4. What is t(u)?
-4
Let h(o) = 9*o**3 + o**2 + 52*o - 52. Let v be h(1). Let j(g) = 3*g - 7. Give j(v).
23
Let c(h) = h**2 - 2*h - 3. Let v(r) = -r + 4. Let u be v(0). Suppose 0 = -2*m - 2*m + 2*j + 8, -5*m = -2*j - 12. Suppose -m*f + u = -8. Calculate c(f).
0
Let b(c) = -c**2 - 9*c - 8. Let t be (-6)/42 + 2/14. Determine b(t).
-8
Let c(s) = -18 - 4*s**2 + 269*s - 87*s + 3*s**2 - 87*s - 110*s. Let t(w) = -w**2 - 4*w. Let x be t(-6). Calculate c(x).
18
Let h be (288/180)/(12/(-50)) - 14/6. Let m(w) = w**2 + 18*w + 77. Give m(h).
-4
Let s(w) = 4*w**2 + 2*w + 6. Suppose 12*v - 34*v + 110 = 0. Let l(m) = 4*m**2 + 3*m + 7. Let f(t) = v*l(t) - 6*s(t). What is f(2)?
-11
Let t be (20/15)/((-2)/(-6)). Suppose -t*i - 6 = -2*l, -4 = 5*l - 4*i - 19. Let k(c) = -c**2 + 156 + 2*c + 0*c**l - c**3 - 151 + 5*c**2. Determine k(5).
-10
Let o be (3/2)/(57/76). Let z(n) = 0*n**3 + 16*n + 4 + 5*n**o - n**3 - 36*n + 15*n. Calculate z(5).
-21
Let r be ((-8)/(-2))/((1 - 3)/(-1)). Suppose 3*j - 1 = 4*d, 1 + r = j. Let w(t) = t + 6*t**2 - 4*t**2 + t**d - t**2. Give w(1).
3
Let v(t) be the third derivative of -t**5/10 + t**4/24 + t**3/3 + 1075*t**2 - 1. Calculate v(-1).
-5
Let q(v) = 7*v**3 - v**2 + v + 1. Let i = 86 + -56. Suppose i = 3*s - 6. Let a be (-28)/12 + 16/s. Give q(a).
-8
Let s(k) = k**3 + 9*k**2 - k - 11. Let t = 44 - 96. Let g(q) = 24*q - 13. Let r be g(-2). Let l = r - t. Determine s(l).
-2
Let n = 65 - 69. Let m be (-21)/(-6) - n/8. Let q(x) = x - 4. Let d(b) = 6*b - 25. Let a(i) = -6*d(i) + 39*q(i). Determine a(m).
6
Let o(z) = -z**3 - 18*z**2 + 3*z + 49. Let q be 16 + 2*(7 + -24). Determine o(q).
-5
Let z(b) = 3*b - 9. Let p be ((8/3)/(-4))/(12/(-54)). Let x(f) = 2*f - 4. Let w(v) = p*z(v) - 5*x(v). Determine w(-11).
4
Let j(s) = s**2 + 12*s + 8. Suppose 0 = -17*p + 107 - 22. Suppose 0 = h + p*f + 26, -2*h - 2*f - 61 = 3*h. What is j(h)?
-3
Let m = -6881 - -6878. Let f(z) = z**2 - 1. Calculate f(m).
8
Let p be ((-1)/1 - (-10)/10)/2. Suppose 2*r = -l + 4*l + 14, -4*r + 20 = -4*l. Let d(m) = -r + 7 + 0 + m**2. Give d(p).
6
Suppose 5*d - 63 = -3*o, -4*o + 84 = 4*d - 7*d. Let n(j) = j**2 + 4 - 9*j + o*j - 5*j. Let z be (2/(-1) - -12)/(-2). What is n(z)?
-6
Let k(l) be the third derivative of l**6/120 + l**5/30 + l**4/8 + l**3/2 + 54*l**2 + 6*l. Let r = 0 + -2. Determine k(r).
-3
Suppose -104*o + 96*o + 104 = 0. Suppose -39*m = 5*v - 43*m - 62, v - o = m. Let r(p) = p**3 - 9*p**2 - 10*p - 4. Give r(v).
-4
Suppose q + 2 = 5. Suppose -q = 2*f - 13. Let m(a) be the first derivative of -a**2 + 6*a - 1167. What is m(f)?
-4
Let a(t) be the second derivative of t**3/6 - 71*t. Let x(m) = 2*m - 1. Let b(w) = 7*a(w) - 4*x(w). Calculate b(4).
0
Let i(h) = 18*h + 153. Suppose -3*v = -5*f - 6, -10*f + 5*f + 10 = -5*v. Calculate i(v).
9
Let n = -3 + -2. Let s(q) be the first derivative of q**2 + 7*q + 982. Calculate s(n).
-3
Let l be (5 - 7)/(3 - 1203/399). Let y be 2/7 - (-228)/l. Let k(u) = 3*u**3 - 4*u**2 + 2*u. Calculate k(y).
12
Let m(a) = a. Let b(u) = -u**3 + 6*u**2 - 9*u + 9. Let n be (-2 + 3 + 3)*(-2 - -3). Let i be b(n). Calculate m(i).
5
Let u(f) = -f**2 + 1 - 4 - 1 + 7*f. Suppose 32*d - 1610 = 22*d. Let n = d + -154. Calculate u(n).
-4
Let x(s) be the second derivative of 2*s**3/3 + s**2 - 3*s. Sup